is u(-44)?
0
Let d(s) = -s**2 + 2*s + 19. Give d(6).
-5
Let t(j) = j**3 - 16*j**2 + 46*j + 18. Give t(12).
-6
Let g(t) = -t**3 + t**2 - 2*t + 11. Calculate g(0).
11
Let r(g) = g**3 - 10*g**2 + 21*g - 28. What is r(8)?
12
Let q(h) = -h**3 - 7*h**2 + 5*h. What is q(-8)?
24
Let w(f) = f**2 - 6*f - 2. Calculate w(8).
14
Let y(g) = g**3 - 20*g**2 + 19*g + 11. Determine y(19).
11
Let l(c) = 3*c**2 - 4*c + 1. What is l(4)?
33
Let a(z) = -27*z + 209. Determine a(8).
-7
Let k(r) = -3*r**3 - 5*r**2 + 2*r - 1. What is k(1)?
-7
Let o(s) = -s**2 - 4*s + 6. Calculate o(-6).
-6
Let n(d) = -2*d**3 - 42*d**2 - 44*d - 90. Determine n(-20).
-10
Let b(o) = o**3 - 7*o**2 + 4*o - 4. Calculate b(6).
-16
Let m(g) = -g**3 - 14*g**2 - 20*g - 81. Determine m(-13).
10
Let l(v) = 3*v + 15. Calculate l(-5).
0
Let l(x) = 41*x - 349. Calculate l(9).
20
Let k(h) = 12*h + 231. What is k(-19)?
3
Let g(t) = -t**3 + 11*t**2 + 15*t - 30. Give g(12).
6
Let w(d) = -d**3 - 3*d**2 + 2*d. Calculate w(-4).
8
Let g(c) = 2*c - 35. Calculate g(7).
-21
Let b(f) = -f**2 + 5*f - 6. Determine b(5).
-6
Let r(c) = -14*c + 3. What is r(3)?
-39
Let j(p) = p**3 - 4*p**2 + p + 4. What is j(3)?
-2
Let r(i) = -3*i**2 - 2*i - 1. Give r(2).
-17
Let p(g) = -g - 13. Calculate p(15).
-28
Let g(k) = -2*k**2 - 13*k - 11. What is g(-8)?
-35
Let c(i) = i**2 - 10*i + 2. What is c(9)?
-7
Let q(w) = -w**3 + 15*w**2 - 17*w - 26. Determine q(14).
-68
Let y(c) = -c**3 + 15*c**2 + c - 13. Give y(15).
2
Let c(b) = 5*b + 38. Calculate c(-12).
-22
Let z(y) = -2*y + 63. What is z(27)?
9
Let x(w) = 652*w + 656. Calculate x(-1).
4
Let i(x) = -5*x**2 - x + 2. Calculate i(2).
-20
Let o(h) = -2*h**2 - 7*h + 5. Calculate o(-5).
-10
Let a(d) = d**2 - 21*d - 48. Give a(23).
-2
Let j(h) = 2*h**2 + 14*h - 14. What is j(-8)?
2
Let a(d) = 13*d**3 + d**2 + 2*d - 3. Determine a(1).
13
Let s(a) = -a**2 + 16*a - 45. What is s(11)?
10
Let t(f) = 23*f - 158. Calculate t(7).
3
Let a(x) = -13*x - 136. Give a(-10).
-6
Let t(d) = 6*d - 93. What is t(13)?
-15
Let w(j) = -6*j - 2. What is w(-3)?
16
Let n(s) = 5*s - 4. Determine n(1).
1
Let h(r) = -2*r**2 + 88*r - 164. Give h(42).
4
Let y(j) = j**3 - 4*j**2 - 3*j + 4. Give y(3).
-14
Let l(h) = h**3 + 9*h**2 - h - 10. Calculate l(-9).
-1
Let q(m) = -m**2 - m + 6. Give q(-4).
-6
Let c(q) = q**3 - q**2 - 4*q + 2. Give c(3).
8
Let x(w) = 14*w**2 + w - 2. Determine x(-3).
121
Let a(s) = 4*s. Calculate a(-7).
-28
Let z(n) = n**3 - n**2 - n + 12. Determine z(0).
12
Let w(z) = z**2 + 30*z + 32. Calculate w(-29).
3
Let j(q) = 44*q - 442. Calculate j(10).
-2
Let m(f) = -3*f - 3. What is m(-3)?
6
Let j(z) = -z - 5. What is j(9)?
-14
Let j(a) = -a**3 + a**2 + 17*a + 1. What is j(5)?
-14
Let j(b) = b**3 + 9*b**2 - 3*b - 24. What is j(-9)?
3
Let v(g) = -4*g - 1. Calculate v(3).
-13
Let g(w) = w**2 + 9*w + 6. Calculate g(-5).
-14
Let a(y) = -20*y - 53. Determine a(-5).
47
Let a(l) = l**3 + 18*l**2 + l + 5. Determine a(-18).
-13
Let u(c) = -27*c - 57. What is u(-3)?
24
Let b(k) = 2*k**2 + 29*k - 36. Give b(-15).
-21
Let t(y) = y**3 - 9*y**2 - 3*y + 7. Calculate t(10).
77
Let l(i) = -i**2 + 18*i + 13. Give l(18).
13
Let r(o) = -o**3 + 10*o**2 - 17*o - 12. Determine r(6).
30
Let l(b) = -7*b**3 - b**2 + 2*b + 3. Calculate l(-1).
7
Let f(b) = b**3 + 5*b**2 + 3*b - 6. What is f(-4)?
-2
Let j(y) = 2*y**2 + 3. Give j(-3).
21
Let p(l) = l**3 + 14*l**2 + 13*l - 1. Calculate p(-13).
-1
Let x(a) = -a**3 + 16*a**2 - 17*a - 7. Determine x(15).
-37
Let l(k) = -k**3 + 15*k**2 + 15*k + 2. What is l(16)?
-14
Let r(n) = -n**2 - 4*n + 40. Determine r(-9).
-5
Let g(f) = f**3 + 4*f**2 + 4*f - 1. Determine g(-2).
-1
Let p(u) = -u**2 - 3*u + 17. Calculate p(3).
-1
Let i(l) = l**3 + 11*l**2 + 31*l + 12. Determine i(-6).
6
Let n(l) = -l**3 + 16*l**2 + 18*l - 22. Determine n(17).
-5
Let g(l) = l**3 - 6*l**2 - 8*l - 1. Give g(7).
-8
Let d(b) = b**3 + 11*b**2 + 4*b - 85. What is d(-10)?
-25
Let o(t) = 3*t**3 - 2*t**2 - 5*t + 3. What is o(3)?
51
Let b(w) = w**3 - 4*w**2 - w + 1. Give b(3).
-11
Let t(z) = 5*z + 23. What is t(-4)?
3
Let g(k) = k**2 - 2*k - 26. What is g(6)?
-2
Let h(l) = -17*l + 4. What is h(-8)?
140
Let k(j) = -5*j + 7. What is k(-3)?
22
Let r(o) = o**3 - 7*o**2 + o + 1. Give r(7).
8
Let i(t) = 3*t**2 + 3*t + 6. Calculate i(-5).
66
Let u(x) = -x**2 - 16*x + 10. Give u(-15).
25
Let x(q) = 9*q + 134. Give x(-21).
-55
Let p(x) = -2*x - 3. Determine p(-6).
9
Let b(v) = 16*v + 31. What is b(-9)?
-113
Let w(u) = -u**2 - 38*u + 1670. Determine w(26).
6
Let z(h) = -5*h. Give z(5).
-25
Let w(c) = 7*c - 46. What is w(9)?
17
Let y(n) = n**3 + 15*n**2 - 32*n + 2. Give y(-17).
-32
Let d(f) = f**3 + 17*f**2 + 23*f + 28. Give d(-15).
133
Let f(l) = l**2 + 9*l + 16. Give f(-7).
2
Let k(n) = n + 10. Give k(-12).
-2
Let f(p) = -p**3 - 13*p**2 + p - 1. Determine f(-13).
-14
Let m(z) = 23*z + 6. Give m(-1).
-17
Let f(i) = i**3 + 3*i**2 + 3*i - 7. Give f(3).
56
Let q(b) = 7*b + 48. What is q(-7)?
-1
Let r(i) = -2*i + 34. What is r(17)?
0
Let x(r) = -r**2 + 71*r + 725. Calculate x(-9).
5
Let s(u) = 2*u**3 + 13*u**2 - 6*u - 2. What is s(-7)?
-9
Let o(v) = -3*v + 15. Determine o(3).
6
Let q(g) = g + 13. Calculate q(-4).
9
Let d(w) = -2*w**3 + w**2 + 4*w + 7. What is d(3)?
-26
Let l(t) = -t**2 - 16*t - 46. Determine l(-12).
2
Let q(k) = -53*k + 1. Calculate q(1).
-52
Let d(j) = -j**3 - 59*j**2 - 320*j - 14. What is d(-6)?
-2
Let g(l) = 2*l**2 - 6*l + 2. Calculate g(4).
10
Let w(z) = -z - 9. What is w(-6)?
-3
Let o(i) = -i**3 + 13*i**2 + 2*i - 19. Give o(13).
7
Let k(y) = -y**3 - 5*y**2 - 3*y - 3. Determine k(-5).
12
Let w(h) = -h**3 + 4*h**2 - 13*h + 11. Calculate w(6).
-139
Let c(a) = a**3 - 27*a**2 + 52*a - 43. Give c(25).
7
Let j(w) = -w**3 - 8*w**2 - 2*w - 1. Calculate j(-3).
-40
Let x(h) = -h**3 - 10*h**2 + 5. Calculate x(-10).
5
Let z(c) = -c**2 - 2*c + 1. What is z(3)?
-14
Let v(s) = -7*s - 157. Give v(-21).
-10
Let j(l) = -l**3 + l**2 - 2*l + 2. Determine j(2).
-6
Let v(c) = -3*c**2 + 63*c - 4. Give v(21).
-4
Let r(p) = 9*p + 30. Determine r(-4).
-6
Let w(l) = 4*l - 22. What is w(3)?
-10
Let u(c) = -6*c - 41. Calculate u(-10).
19
Let a(v) = v**2 - 5*v - 10. Give a(4).
-14
Let g(t) = -t**2 - 3*t - 1. What is g(-6)?
-19
Let q(d) = d**3 + 7*d**2 + 8*d + 2. Give q(-6).
-10
Let s(k) = k**2 - 16*k + 35. Determine s(8).
-29
Let g(a) = -a**2 - a + 28. Give g(0).
28
Let i(r) = -8*r + 13. What is i(4)?
-19
Let i(h) = -h**3 - 8*h**2 - 4*h - 31. What is i(-8)?
1
Let f(h) = -h**3 + 4*h**2 - 6*h - 4. Calculate f(5).
-59
Let t(c) = -c**3 - 16*c**2 + 35*c - 17. Calculate t(-18).
1
Let n(i) = i**3 - 2*i**2 - 5*i - 2. Calculate n(5).
48
Let m(h) = -h - 7. Determine m(-14).
7
Let f(j) = 4*j - 103. Calculate f(25).
-3
Let o(q) = q - 15. What is o(13)?
-2
Let z(m) = m**2 - 59*m + 720. Give z(42).
6
Let w(c) = -c**2 - 15*c - 16. Determine w(-13).
10
Let a(i) = i**3 + 22*i**2 + 3*i + 26. What is a(-22)?
-40
Let q(m) = -m - 14. Calculate q(-9).
-5
Let r(f) = -f**2 - 18*f + 1. What is r(-18)?
1
Let n(m) = 2*m - 38. Give n(-12).
-62
Let i(d) = -d**3 + 12*d**2 + 2*d + 2. Calculate i(12).
26
Let o(n) = n**3 + 5*n**2 + 5*n + 2. What is o(-3)?
5
Let g(y) = -y**3 - 34*y**2 + 34*y - 35. Calculate g(-35).
0
Let d(g) = g + 7. Give d(-10).
-3
Let t(d) = d**3 + 5*d**2 + 5*d. What is t(-2)?
2
Let i(f) = -43*f + 473. Give i(11).
0
Let z(r) = -r**2 - 20*r - 72. What is z(-15)?
3
Let t(y) = 90*y**3 - 3*y - 2. What is t(-1)?
-89
Let t(m) = m**2 + 6*m - 78. Give t(6).
-6
Let k(a) = a**3 + 34*a**2 - 6*a - 160. Determine k(-34).
44
Let n(b) = -b + 9. What is n(-6)?
15
Let q(d) = d**3 - 6*d**2 - d - 3. Calculate q(6).
-9
Let s(i) = 35*i + 2. What is s(2)?
72
Let l(z) = -z**3 - 2*z**2 + 9*z - 3. Determine l(2).
-1
Let l(b) = b**2 + 3*b + 3. Determine l(-2).
1
Let d(y) = -y**2 - 27*y - 45. What is d(-25)?
5
Let y(j) = j + 49. Determine y(-15).
34
Let g(y) = y**2 + 3*y - 2. Calculate g(-5).
8
Let s(v) = 19*v + 101. Determine s(-6).
-13
Let x(s) = s**3 - 2*s**2 - 6*s + 3. Calculate x(2).
-9
Let v(z) = -3*z + 11. Give v(11).
-22
Let k(f) = f**2 - 43. Calculate k(-6).
-7
Let w(d) = d**3 + 3*d**2 - 8*d - 7. Determine w(-5).
-17
Let a(h) = -h**2 - 5*h - 2. Calculate a(-2).
4
Let u(p) = -2*p - 3. Determine u(0).
-3
Let u(v) = -2*v - 22. Determine u(-28).
34
Let y(c) = c**3 + 11*c**2 + 13*